{"id":13,"date":"2025-10-03T17:10:36","date_gmt":"2025-10-03T17:10:36","guid":{"rendered":"http:\/\/lxbigvn.cluster100.hosting.ovh.net\/?page_id=13"},"modified":"2025-11-07T16:51:53","modified_gmt":"2025-11-07T16:51:53","slug":"sur-mesure","status":"publish","type":"page","link":"https:\/\/www.itstimetoride.be\/index.php\/sur-mesure\/","title":{"rendered":"Demande sur mesure"},"content":{"rendered":"\t\t<div data-elementor-type=\"wp-page\" data-elementor-id=\"13\" class=\"elementor elementor-13\">\n\t\t\t\t<div class=\"elementor-element elementor-element-c41ff1c e-flex e-con-boxed e-con e-parent\" data-id=\"c41ff1c\" data-element_type=\"container\" data-settings=\"{&quot;background_background&quot;:&quot;classic&quot;}\">\n\t\t\t\t\t<div class=\"e-con-inner\">\n\t\t<div class=\"elementor-element elementor-element-ff204d0 e-con-full e-flex e-con e-child\" data-id=\"ff204d0\" data-element_type=\"container\">\n\t\t\t\t<div class=\"elementor-element elementor-element-c7d7817 elementor-widget elementor-widget-text-editor\" data-id=\"c7d7817\" data-element_type=\"widget\" data-widget_type=\"text-editor.default\">\n\t\t\t\t\t\t\t\t\t<h1 class=\"western\" style=\"text-align: left;\" align=\"center\"><span style=\"color: #000000;\"><strong> \ud835\udc0d\ud835\udc0e\ud835\udc12 \ud835\udc12\ud835\udc04\ud835\udc11\ud835\udc15\ud835\udc08\ud835\udc02\ud835\udc04\ud835\udc12 <\/strong><\/span><\/h1><h3 class=\"western\"><span style=\"color: #000000;\">\ud835\udc0b\u2019\ud835\udc00\ud835\udc15\ud835\udc04\ud835\udc0d\ud835\udc13\ud835\udc14\ud835\udc11\ud835\udc04 \ud835\udc0c\ud835\udc0e\ud835\udc13\ud835\udc0e, \ud835\udc13\ud835\udc00\ud835\udc08\ud835\udc0b\ud835\udc0b\ud835\udc04\u0301E \ud835\udc12\ud835\udc14\ud835\udc11 \ud835\udc0c\ud835\udc04\ud835\udc12\ud835\udc14\ud835\udc11\ud835\udc04.<\/span><\/h3><p><span style=\"color: #000000;\">Chez <strong>It\u2019s Time to Ride<\/strong>, chaque aventure commence par une envie :<\/span><br \/><span style=\"color: #000000;\">celle de d\u00e9couvrir, d\u2019explorer et de partager la passion de la moto.<\/span><br \/><span style=\"color: #000000;\">Nous cr\u00e9ons pour vous des <strong>exp\u00e9riences uniques<\/strong>, adapt\u00e9es \u00e0 vos envies, \u00e0 votre rythme et votre niveau.<\/span><\/p><h3 class=\"western\"><span style=\"color: #000000;\">\ud835\udc01\ud835\udc00\ud835\udc0b\ud835\udc00\ud835\udc03\ud835\udc04\ud835\udc12 \ud835\udc04\ud835\udc13 \ud835\udc12\ud835\udc04\u0301\ud835\udc09\ud835\udc0e\ud835\udc14\ud835\udc11\ud835\udc12 \ud835\udc12\ud835\udc14\ud835\udc11 \ud835\udc0c\ud835\udc04\ud835\udc12\ud835\udc14\ud835\udc11\ud835\udc04<\/span><\/h3><p><span style=\"color: #000000;\">Laissez-vous guider !<\/span><br \/><span style=\"color: #000000;\">Que vous pr\u00e9f\u00e9riez le <strong>trail sur pistes<\/strong> ou les <strong>routes sinueuses de montagne<\/strong>, <\/span><span style=\"color: #000000;\">nous organisons vos <strong>s\u00e9jours moto de A \u00e0 Z<\/strong> :<\/span><br \/><span style=\"color: #000000;\">H\u00e9bergements s\u00e9lectionn\u00e9s, parcours \u00e9tudi\u00e9s, logistique compl\u00e8te et assistance au besoin.<\/span><span style=\"color: #000000;\"><br \/><\/span><\/p><h3 class=\"western\"><span style=\"color: #000000;\">\ud835\udc02\ud835\udc0e\ud835\udc00\ud835\udc02\ud835\udc07\ud835\udc08\ud835\udc0d\ud835\udc06 &amp; \ud835\udc08\ud835\udc0d\ud835\udc08\ud835\udc13\ud835\udc08\ud835\udc00\ud835\udc13\ud835\udc08\ud835\udc0e\ud835\udc0d \ud835\udc0e\ud835\udc05\ud835\udc05\ud835\udc11\ud835\udc0e\ud835\udc00\ud835\udc03<\/span><\/h3><p><span style=\"color: #000000;\">Apprenez \u00e0 sortir du bitume et \u00e0 piloter en toute confiance.<\/span><br \/><span style=\"color: #000000;\">De petites<strong><b> sorties offroad<\/b><\/strong> vous initient aux techniques essentielles :<\/span><br \/><span style=\"color: #000000;\">position, \u00e9quilibre, gestion des gaz, franchissement, s\u00e9curit\u00e9\u2026<\/span><br \/><span style=\"color: #000000;\">Un apprentissage progressif pour d\u00e9couvrir le plaisir du tout-terrain, m\u00eame sans exp\u00e9rience pr\u00e9alable.<\/span><\/p><h3 class=\"western\"><span style=\"color: #000000;\">\ud835\udc04\ud835\udc17\ud835\udc0f\ud835\udc04\u0301\ud835\udc11\ud835\udc08\ud835\udc04\ud835\udc0d\ud835\udc02\ud835\udc04 \u2022 \ud835\udc0f\ud835\udc00\ud835\udc12\ud835\udc12\ud835\udc08\ud835\udc0e\ud835\udc0d \u2022 \ud835\udc0f\ud835\udc00\ud835\udc11\ud835\udc13\ud835\udc00\ud835\udc06\ud835\udc04<\/span><\/h3><p><span style=\"color: #000000;\">Avec plus de <strong>30 ans d\u2019exp\u00e9rience<\/strong> dans l\u2019univers du deux-roues, des circuits aux pistes du Dakar,<\/span><br \/><span style=\"color: #000000;\"><strong>It\u2019s Time to Ride<\/strong> met son savoir-faire au service de votre plaisir et de votre s\u00e9curit\u00e9.<\/span><br \/><span style=\"color: #000000;\">Notre mission : vous faire vivre des <strong>moments inoubliables<\/strong>, o\u00f9 la libert\u00e9 et la convivialit\u00e9 se rencontrent \u00e0 chaque virage.<\/span><\/p>\t\t\t\t\t\t\t\t<\/div>\n\t\t\t\t<\/div>\n\t\t\t\t\t<\/div>\n\t\t\t\t<\/div>\n\t\t<div class=\"elementor-element elementor-element-35fa1c5 e-flex e-con-boxed e-con e-parent\" data-id=\"35fa1c5\" data-element_type=\"container\">\n\t\t\t\t\t<div class=\"e-con-inner\">\n\t\t\t\t<div class=\"elementor-element elementor-element-0b9c6f3 elementor-widget elementor-widget-spacer\" data-id=\"0b9c6f3\" data-element_type=\"widget\" data-widget_type=\"spacer.default\">\n\t\t\t\t\t\t\t<div class=\"elementor-spacer\">\n\t\t\t<div class=\"elementor-spacer-inner\"><\/div>\n\t\t<\/div>\n\t\t\t\t\t\t<\/div>\n\t\t\t\t\t<\/div>\n\t\t\t\t<\/div>\n\t\t<div class=\"elementor-element elementor-element-350f8b6 e-flex e-con-boxed e-con e-parent\" data-id=\"350f8b6\" data-element_type=\"container\">\n\t\t\t\t\t<div class=\"e-con-inner\">\n\t\t\t\t<div class=\"elementor-element elementor-element-2f2517a elementor-widget elementor-widget-text-editor\" data-id=\"2f2517a\" data-element_type=\"widget\" data-widget_type=\"text-editor.default\">\n\t\t\t\t\t\t\t\t\t<h1><strong><span style=\"color: #000000;\"><span style=\"color: #ffffff;\">\ud835\udc0f\ud835\udc11\ud835\udc04\u0301\ud835\udc0f\ud835\udc00\ud835\udc11\ud835\udc00\ud835\udc13\ud835\udc08\ud835\udc0e\ud835\udc0d \ud835\udc00\ud835\udc14\ud835\udc17 \ud835\udc11\ud835\udc00\ud835\udc08\ud835\udc03\ud835\udc12 &amp; \ud835\udc11\ud835\udc00\ud835\udc0b\ud835\udc0b\ud835\udc18\ud835\udc04\ud835\udc12<\/span><br \/><\/span><\/strong><\/h1><h1><span style=\"color: #ffffff;\"><strong>L\u2019appel du d\u00e9sert ou des grands espaces ?<\/strong><\/span><\/h1><h1><span style=\"color: #ffffff;\"><strong>Nous vous accompagnons jusqu\u2019au bout du r\u00eave.<\/strong><\/span><br \/><span style=\"color: #ffffff;\"><strong>De la pr\u00e9paration physique \u00e0 la gestion du mat\u00e9riel, en passant par la lecture de roadbook,<\/strong><\/span><br \/><span style=\"color: #ffffff;\"><strong>nous vous guidons pas \u00e0 pas pour que votre premier raid ou rallye-raid soit une r\u00e9ussite.<\/strong><\/span><br \/><span style=\"color: #ffffff;\"><strong>Parce qu\u2019une aventure bien pr\u00e9par\u00e9e, c\u2019est d\u00e9j\u00e0 une victoire.<\/strong><\/span><\/h1>\t\t\t\t\t\t\t\t<\/div>\n\t\t\t\t\t<\/div>\n\t\t\t\t<\/div>\n\t\t<div class=\"elementor-element elementor-element-708c686 e-flex e-con-boxed e-con e-parent\" data-id=\"708c686\" data-element_type=\"container\">\n\t\t\t\t\t<div class=\"e-con-inner\">\n\t\t\t\t<div class=\"elementor-element elementor-element-7dc904b elementor-widget elementor-widget-spacer\" data-id=\"7dc904b\" data-element_type=\"widget\" data-widget_type=\"spacer.default\">\n\t\t\t\t\t\t\t<div class=\"elementor-spacer\">\n\t\t\t<div class=\"elementor-spacer-inner\"><\/div>\n\t\t<\/div>\n\t\t\t\t\t\t<\/div>\n\t\t\t\t\t<\/div>\n\t\t\t\t<\/div>\n\t\t<div class=\"elementor-element elementor-element-89f333b e-flex e-con-boxed e-con e-parent\" data-id=\"89f333b\" data-element_type=\"container\" data-settings=\"{&quot;background_background&quot;:&quot;classic&quot;}\">\n\t\t\t\t\t<div class=\"e-con-inner\">\n\t\t\t\t<div class=\"elementor-element elementor-element-0de8275 elementor-widget elementor-widget-text-editor\" data-id=\"0de8275\" data-element_type=\"widget\" data-widget_type=\"text-editor.default\">\n\t\t\t\t\t\t\t\t\t<p><strong><span style=\"color: #ffffff;\">LIRE UN FICHIER GPX<\/span><\/strong><\/p><p><strong><span style=\"color: #ffffff;\">Envie de tracer votre propre aventure ?<\/span><\/strong><\/p><h1><strong><span style=\"color: #ffffff;\">On vous apprend \u00e0 t\u00e9l\u00e9charger vos fichiers vers vos appareils de navigation.<\/span><\/strong><\/h1>\t\t\t\t\t\t\t\t<\/div>\n\t\t\t\t\t<\/div>\n\t\t\t\t<\/div>\n\t\t\t\t<\/div>\n\t\t","protected":false},"excerpt":{"rendered":"<p>\ud835\udc0d\ud835\udc0e\ud835\udc12 \ud835\udc12\ud835\udc04\ud835\udc11\ud835\udc15\ud835\udc08\ud835\udc02\ud835\udc04\ud835\udc12 \ud835\udc0b\u2019\ud835\udc00\ud835\udc15\ud835\udc04\ud835\udc0d\ud835\udc13\ud835\udc14\ud835\udc11\ud835\udc04 \ud835\udc0c\ud835\udc0e\ud835\udc13\ud835\udc0e, \ud835\udc13\ud835\udc00\ud835\udc08\ud835\udc0b\ud835\udc0b\ud835\udc04\u0301E \ud835\udc12\ud835\udc14\ud835\udc11 \ud835\udc0c\ud835\udc04\ud835\udc12\ud835\udc14\ud835\udc11\ud835\udc04. Chez It\u2019s Time to Ride, chaque aventure commence par une envie :celle de d\u00e9couvrir, d\u2019explorer et de partager la passion de la moto.Nous cr\u00e9ons pour vous des exp\u00e9riences uniques, adapt\u00e9es \u00e0 vos envies, \u00e0 votre rythme et votre niveau. \ud835\udc01\ud835\udc00\ud835\udc0b\ud835\udc00\ud835\udc03\ud835\udc04\ud835\udc12 \ud835\udc04\ud835\udc13 \ud835\udc12\ud835\udc04\u0301\ud835\udc09\ud835\udc0e\ud835\udc14\ud835\udc11\ud835\udc12 \ud835\udc12\ud835\udc14\ud835\udc11 \ud835\udc0c\ud835\udc04\ud835\udc12\ud835\udc14\ud835\udc11\ud835\udc04 Laissez-vous guider !Que vous [&hellip;]<\/p>\n","protected":false},"author":1,"featured_media":0,"parent":0,"menu_order":0,"comment_status":"closed","ping_status":"closed","template":"","meta":{"ocean_post_layout":"","ocean_both_sidebars_style":"","ocean_both_sidebars_content_width":0,"ocean_both_sidebars_sidebars_width":0,"ocean_sidebar":"","ocean_second_sidebar":"","ocean_disable_margins":"enable","ocean_add_body_class":"","ocean_shortcode_before_top_bar":"","ocean_shortcode_after_top_bar":"","ocean_shortcode_before_header":"","ocean_shortcode_after_header":"","ocean_has_shortcode":"","ocean_shortcode_after_title":"","ocean_shortcode_before_footer_widgets":"","ocean_shortcode_after_footer_widgets":"","ocean_shortcode_before_footer_bottom":"","ocean_shortcode_after_footer_bottom":"","ocean_display_top_bar":"default","ocean_display_header":"default","ocean_header_style":"","ocean_center_header_left_menu":"","ocean_custom_header_template":"","ocean_custom_logo":0,"ocean_custom_retina_logo":0,"ocean_custom_logo_max_width":0,"ocean_custom_logo_tablet_max_width":0,"ocean_custom_logo_mobile_max_width":0,"ocean_custom_logo_max_height":0,"ocean_custom_logo_tablet_max_height":0,"ocean_custom_logo_mobile_max_height":0,"ocean_header_custom_menu":"","ocean_menu_typo_font_family":"","ocean_menu_typo_font_subset":"","ocean_menu_typo_font_size":0,"ocean_menu_typo_font_size_tablet":0,"ocean_menu_typo_font_size_mobile":0,"ocean_menu_typo_font_size_unit":"px","ocean_menu_typo_font_weight":"","ocean_menu_typo_font_weight_tablet":"","ocean_menu_typo_font_weight_mobile":"","ocean_menu_typo_transform":"","ocean_menu_typo_transform_tablet":"","ocean_menu_typo_transform_mobile":"","ocean_menu_typo_line_height":0,"ocean_menu_typo_line_height_tablet":0,"ocean_menu_typo_line_height_mobile":0,"ocean_menu_typo_line_height_unit":"","ocean_menu_typo_spacing":0,"ocean_menu_typo_spacing_tablet":0,"ocean_menu_typo_spacing_mobile":0,"ocean_menu_typo_spacing_unit":"","ocean_menu_link_color":"","ocean_menu_link_color_hover":"","ocean_menu_link_color_active":"","ocean_menu_link_background":"","ocean_menu_link_hover_background":"","ocean_menu_link_active_background":"","ocean_menu_social_links_bg":"","ocean_menu_social_hover_links_bg":"","ocean_menu_social_links_color":"","ocean_menu_social_hover_links_color":"","ocean_disable_title":"on","ocean_disable_heading":"default","ocean_post_title":"","ocean_post_subheading":"","ocean_post_title_style":"","ocean_post_title_background_color":"","ocean_post_title_background":0,"ocean_post_title_bg_image_position":"","ocean_post_title_bg_image_attachment":"","ocean_post_title_bg_image_repeat":"","ocean_post_title_bg_image_size":"","ocean_post_title_height":0,"ocean_post_title_bg_overlay":0.5,"ocean_post_title_bg_overlay_color":"","ocean_disable_breadcrumbs":"default","ocean_breadcrumbs_color":"","ocean_breadcrumbs_separator_color":"","ocean_breadcrumbs_links_color":"","ocean_breadcrumbs_links_hover_color":"","ocean_display_footer_widgets":"default","ocean_display_footer_bottom":"default","ocean_custom_footer_template":"","footnotes":""},"class_list":["post-13","page","type-page","status-publish","hentry","entry"],"yoast_head":"<!-- This site is optimized with the Yoast SEO plugin v26.3 - https:\/\/yoast.com\/wordpress\/plugins\/seo\/ -->\n<title>Demande sur mesure - WordPress<\/title>\n<meta name=\"robots\" content=\"index, follow, max-snippet:-1, max-image-preview:large, max-video-preview:-1\" \/>\n<link rel=\"canonical\" href=\"https:\/\/www.itstimetoride.be\/index.php\/sur-mesure\/\" \/>\n<meta property=\"og:locale\" content=\"fr_FR\" \/>\n<meta property=\"og:type\" content=\"article\" \/>\n<meta property=\"og:title\" content=\"Demande sur mesure - WordPress\" \/>\n<meta property=\"og:description\" content=\"\ud835\udc0d\ud835\udc0e\ud835\udc12 \ud835\udc12\ud835\udc04\ud835\udc11\ud835\udc15\ud835\udc08\ud835\udc02\ud835\udc04\ud835\udc12 \ud835\udc0b\u2019\ud835\udc00\ud835\udc15\ud835\udc04\ud835\udc0d\ud835\udc13\ud835\udc14\ud835\udc11\ud835\udc04 \ud835\udc0c\ud835\udc0e\ud835\udc13\ud835\udc0e, \ud835\udc13\ud835\udc00\ud835\udc08\ud835\udc0b\ud835\udc0b\ud835\udc04\u0301E \ud835\udc12\ud835\udc14\ud835\udc11 \ud835\udc0c\ud835\udc04\ud835\udc12\ud835\udc14\ud835\udc11\ud835\udc04. Chez It\u2019s Time to Ride, chaque aventure commence par une envie :celle de d\u00e9couvrir, d\u2019explorer et de partager la passion de la moto.Nous cr\u00e9ons pour vous des exp\u00e9riences uniques, adapt\u00e9es \u00e0 vos envies, \u00e0 votre rythme et votre niveau. \ud835\udc01\ud835\udc00\ud835\udc0b\ud835\udc00\ud835\udc03\ud835\udc04\ud835\udc12 \ud835\udc04\ud835\udc13 \ud835\udc12\ud835\udc04\u0301\ud835\udc09\ud835\udc0e\ud835\udc14\ud835\udc11\ud835\udc12 \ud835\udc12\ud835\udc14\ud835\udc11 \ud835\udc0c\ud835\udc04\ud835\udc12\ud835\udc14\ud835\udc11\ud835\udc04 Laissez-vous guider !Que vous [&hellip;]\" \/>\n<meta property=\"og:url\" content=\"https:\/\/www.itstimetoride.be\/index.php\/sur-mesure\/\" \/>\n<meta property=\"og:site_name\" content=\"WordPress\" \/>\n<meta property=\"article:modified_time\" content=\"2025-11-07T16:51:53+00:00\" \/>\n<meta name=\"twitter:card\" content=\"summary_large_image\" \/>\n<meta name=\"twitter:label1\" content=\"Dur\u00e9e de lecture est.\" \/>\n\t<meta name=\"twitter:data1\" content=\"2 minutes\" \/>\n<script type=\"application\/ld+json\" class=\"yoast-schema-graph\">{\"@context\":\"https:\/\/schema.org\",\"@graph\":[{\"@type\":\"WebPage\",\"@id\":\"https:\/\/www.itstimetoride.be\/index.php\/sur-mesure\/\",\"url\":\"https:\/\/www.itstimetoride.be\/index.php\/sur-mesure\/\",\"name\":\"Demande sur mesure - WordPress\",\"isPartOf\":{\"@id\":\"https:\/\/www.itstimetoride.be\/#website\"},\"datePublished\":\"2025-10-03T17:10:36+00:00\",\"dateModified\":\"2025-11-07T16:51:53+00:00\",\"breadcrumb\":{\"@id\":\"https:\/\/www.itstimetoride.be\/index.php\/sur-mesure\/#breadcrumb\"},\"inLanguage\":\"fr-BE\",\"potentialAction\":[{\"@type\":\"ReadAction\",\"target\":[\"https:\/\/www.itstimetoride.be\/index.php\/sur-mesure\/\"]}]},{\"@type\":\"BreadcrumbList\",\"@id\":\"https:\/\/www.itstimetoride.be\/index.php\/sur-mesure\/#breadcrumb\",\"itemListElement\":[{\"@type\":\"ListItem\",\"position\":1,\"name\":\"Accueil\",\"item\":\"https:\/\/www.itstimetoride.be\/\"},{\"@type\":\"ListItem\",\"position\":2,\"name\":\"Demande sur mesure\"}]},{\"@type\":\"WebSite\",\"@id\":\"https:\/\/www.itstimetoride.be\/#website\",\"url\":\"https:\/\/www.itstimetoride.be\/\",\"name\":\"itstimetoride.be\",\"description\":\"\",\"publisher\":{\"@id\":\"https:\/\/www.itstimetoride.be\/#organization\"},\"potentialAction\":[{\"@type\":\"SearchAction\",\"target\":{\"@type\":\"EntryPoint\",\"urlTemplate\":\"https:\/\/www.itstimetoride.be\/?s={search_term_string}\"},\"query-input\":{\"@type\":\"PropertyValueSpecification\",\"valueRequired\":true,\"valueName\":\"search_term_string\"}}],\"inLanguage\":\"fr-BE\"},{\"@type\":\"Organization\",\"@id\":\"https:\/\/www.itstimetoride.be\/#organization\",\"name\":\"itstimetoride.be\",\"url\":\"https:\/\/www.itstimetoride.be\/\",\"logo\":{\"@type\":\"ImageObject\",\"inLanguage\":\"fr-BE\",\"@id\":\"https:\/\/www.itstimetoride.be\/#\/schema\/logo\/image\/\",\"url\":\"https:\/\/www.itstimetoride.be\/wp-content\/uploads\/2025\/10\/cropped-Logo-sans-fond-blanc.png\",\"contentUrl\":\"https:\/\/www.itstimetoride.be\/wp-content\/uploads\/2025\/10\/cropped-Logo-sans-fond-blanc.png\",\"width\":1023,\"height\":361,\"caption\":\"itstimetoride.be\"},\"image\":{\"@id\":\"https:\/\/www.itstimetoride.be\/#\/schema\/logo\/image\/\"}}]}<\/script>\n<!-- \/ Yoast SEO plugin. -->","yoast_head_json":{"title":"Demande sur mesure - WordPress","robots":{"index":"index","follow":"follow","max-snippet":"max-snippet:-1","max-image-preview":"max-image-preview:large","max-video-preview":"max-video-preview:-1"},"canonical":"https:\/\/www.itstimetoride.be\/index.php\/sur-mesure\/","og_locale":"fr_FR","og_type":"article","og_title":"Demande sur mesure - WordPress","og_description":"\ud835\udc0d\ud835\udc0e\ud835\udc12 \ud835\udc12\ud835\udc04\ud835\udc11\ud835\udc15\ud835\udc08\ud835\udc02\ud835\udc04\ud835\udc12 \ud835\udc0b\u2019\ud835\udc00\ud835\udc15\ud835\udc04\ud835\udc0d\ud835\udc13\ud835\udc14\ud835\udc11\ud835\udc04 \ud835\udc0c\ud835\udc0e\ud835\udc13\ud835\udc0e, \ud835\udc13\ud835\udc00\ud835\udc08\ud835\udc0b\ud835\udc0b\ud835\udc04\u0301E \ud835\udc12\ud835\udc14\ud835\udc11 \ud835\udc0c\ud835\udc04\ud835\udc12\ud835\udc14\ud835\udc11\ud835\udc04. Chez It\u2019s Time to Ride, chaque aventure commence par une envie :celle de d\u00e9couvrir, d\u2019explorer et de partager la passion de la moto.Nous cr\u00e9ons pour vous des exp\u00e9riences uniques, adapt\u00e9es \u00e0 vos envies, \u00e0 votre rythme et votre niveau. \ud835\udc01\ud835\udc00\ud835\udc0b\ud835\udc00\ud835\udc03\ud835\udc04\ud835\udc12 \ud835\udc04\ud835\udc13 \ud835\udc12\ud835\udc04\u0301\ud835\udc09\ud835\udc0e\ud835\udc14\ud835\udc11\ud835\udc12 \ud835\udc12\ud835\udc14\ud835\udc11 \ud835\udc0c\ud835\udc04\ud835\udc12\ud835\udc14\ud835\udc11\ud835\udc04 Laissez-vous guider !Que vous [&hellip;]","og_url":"https:\/\/www.itstimetoride.be\/index.php\/sur-mesure\/","og_site_name":"WordPress","article_modified_time":"2025-11-07T16:51:53+00:00","twitter_card":"summary_large_image","twitter_misc":{"Dur\u00e9e de lecture est.":"2 minutes"},"schema":{"@context":"https:\/\/schema.org","@graph":[{"@type":"WebPage","@id":"https:\/\/www.itstimetoride.be\/index.php\/sur-mesure\/","url":"https:\/\/www.itstimetoride.be\/index.php\/sur-mesure\/","name":"Demande sur mesure - WordPress","isPartOf":{"@id":"https:\/\/www.itstimetoride.be\/#website"},"datePublished":"2025-10-03T17:10:36+00:00","dateModified":"2025-11-07T16:51:53+00:00","breadcrumb":{"@id":"https:\/\/www.itstimetoride.be\/index.php\/sur-mesure\/#breadcrumb"},"inLanguage":"fr-BE","potentialAction":[{"@type":"ReadAction","target":["https:\/\/www.itstimetoride.be\/index.php\/sur-mesure\/"]}]},{"@type":"BreadcrumbList","@id":"https:\/\/www.itstimetoride.be\/index.php\/sur-mesure\/#breadcrumb","itemListElement":[{"@type":"ListItem","position":1,"name":"Accueil","item":"https:\/\/www.itstimetoride.be\/"},{"@type":"ListItem","position":2,"name":"Demande sur mesure"}]},{"@type":"WebSite","@id":"https:\/\/www.itstimetoride.be\/#website","url":"https:\/\/www.itstimetoride.be\/","name":"itstimetoride.be","description":"","publisher":{"@id":"https:\/\/www.itstimetoride.be\/#organization"},"potentialAction":[{"@type":"SearchAction","target":{"@type":"EntryPoint","urlTemplate":"https:\/\/www.itstimetoride.be\/?s={search_term_string}"},"query-input":{"@type":"PropertyValueSpecification","valueRequired":true,"valueName":"search_term_string"}}],"inLanguage":"fr-BE"},{"@type":"Organization","@id":"https:\/\/www.itstimetoride.be\/#organization","name":"itstimetoride.be","url":"https:\/\/www.itstimetoride.be\/","logo":{"@type":"ImageObject","inLanguage":"fr-BE","@id":"https:\/\/www.itstimetoride.be\/#\/schema\/logo\/image\/","url":"https:\/\/www.itstimetoride.be\/wp-content\/uploads\/2025\/10\/cropped-Logo-sans-fond-blanc.png","contentUrl":"https:\/\/www.itstimetoride.be\/wp-content\/uploads\/2025\/10\/cropped-Logo-sans-fond-blanc.png","width":1023,"height":361,"caption":"itstimetoride.be"},"image":{"@id":"https:\/\/www.itstimetoride.be\/#\/schema\/logo\/image\/"}}]}},"_links":{"self":[{"href":"https:\/\/www.itstimetoride.be\/index.php\/wp-json\/wp\/v2\/pages\/13","targetHints":{"allow":["GET"]}}],"collection":[{"href":"https:\/\/www.itstimetoride.be\/index.php\/wp-json\/wp\/v2\/pages"}],"about":[{"href":"https:\/\/www.itstimetoride.be\/index.php\/wp-json\/wp\/v2\/types\/page"}],"author":[{"embeddable":true,"href":"https:\/\/www.itstimetoride.be\/index.php\/wp-json\/wp\/v2\/users\/1"}],"replies":[{"embeddable":true,"href":"https:\/\/www.itstimetoride.be\/index.php\/wp-json\/wp\/v2\/comments?post=13"}],"version-history":[{"count":45,"href":"https:\/\/www.itstimetoride.be\/index.php\/wp-json\/wp\/v2\/pages\/13\/revisions"}],"predecessor-version":[{"id":1065,"href":"https:\/\/www.itstimetoride.be\/index.php\/wp-json\/wp\/v2\/pages\/13\/revisions\/1065"}],"wp:attachment":[{"href":"https:\/\/www.itstimetoride.be\/index.php\/wp-json\/wp\/v2\/media?parent=13"}],"curies":[{"name":"wp","href":"https:\/\/api.w.org\/{rel}","templated":true}]}}