{"id":7,"date":"2025-10-03T17:03:43","date_gmt":"2025-10-03T17:03:43","guid":{"rendered":"http:\/\/lxbigvn.cluster100.hosting.ovh.net\/?page_id=7"},"modified":"2026-03-25T12:44:46","modified_gmt":"2026-03-25T12:44:46","slug":"accueil","status":"publish","type":"page","link":"https:\/\/www.itstimetoride.be\/","title":{"rendered":"Accueil"},"content":{"rendered":"\t\t<div data-elementor-type=\"wp-page\" data-elementor-id=\"7\" class=\"elementor elementor-7\">\n\t\t\t\t<div class=\"elementor-element elementor-element-23bc606 e-flex e-con-boxed e-con e-parent\" data-id=\"23bc606\" data-element_type=\"container\">\n\t\t\t\t\t<div class=\"e-con-inner\">\n\t\t\t\t<div class=\"elementor-element elementor-element-e3cfef9 elementor-widget elementor-widget-shortcode\" data-id=\"e3cfef9\" data-element_type=\"widget\" data-widget_type=\"shortcode.default\">\n\t\t\t\t\t\t\t<div class=\"elementor-shortcode\">  <\/div>\n\t\t\t\t\t\t<\/div>\n\t\t\t\t\t<\/div>\n\t\t\t\t<\/div>\n\t\t<div class=\"elementor-element elementor-element-01bc5e2 e-flex e-con-boxed e-con e-parent\" data-id=\"01bc5e2\" data-element_type=\"container\" data-settings=\"{&quot;background_background&quot;:&quot;classic&quot;}\">\n\t\t\t\t\t<div class=\"e-con-inner\">\n\t\t\t\t<div class=\"elementor-element elementor-element-bb6c200 elementor-widget elementor-widget-heading\" data-id=\"bb6c200\" data-element_type=\"widget\" data-widget_type=\"heading.default\">\n\t\t\t\t\t<h2 class=\"elementor-heading-title elementor-size-default\">Envie d\u2019\u00e9vasion, d\u2019aventure, de d\u00e9couverte\u2026<\/h2>\t\t\t\t<\/div>\n\t\t\t\t<div class=\"elementor-element elementor-element-57d8f91 elementor-widget elementor-widget-heading\" data-id=\"57d8f91\" data-element_type=\"widget\" data-widget_type=\"heading.default\">\n\t\t\t\t\t<h2 class=\"elementor-heading-title elementor-size-default\">En Offroad ou Routi\u00e8re<\/h2>\t\t\t\t<\/div>\n\t\t\t\t<div class=\"elementor-element elementor-element-cc27d86 elementor-widget elementor-widget-heading\" data-id=\"cc27d86\" data-element_type=\"widget\" data-widget_type=\"heading.default\">\n\t\t\t\t\t<h2 class=\"elementor-heading-title elementor-size-default\">On vous emm\u00e8ne<\/h2>\t\t\t\t<\/div>\n\t\t\t\t<div class=\"elementor-element elementor-element-0d4e02b elementor-widget elementor-widget-spacer\" data-id=\"0d4e02b\" data-element_type=\"widget\" data-widget_type=\"spacer.default\">\n\t\t\t\t\t\t\t<div class=\"elementor-spacer\">\n\t\t\t<div class=\"elementor-spacer-inner\"><\/div>\n\t\t<\/div>\n\t\t\t\t\t\t<\/div>\n\t\t<div class=\"elementor-element elementor-element-04d03dd e-flex e-con-boxed e-con e-child\" data-id=\"04d03dd\" data-element_type=\"container\" data-settings=\"{&quot;background_background&quot;:&quot;classic&quot;}\">\n\t\t\t\t\t<div class=\"e-con-inner\">\n\t\t<div class=\"elementor-element elementor-element-0d670ef e-grid e-con-full e-con e-child\" data-id=\"0d670ef\" data-element_type=\"container\">\n\t\t<div class=\"elementor-element elementor-element-9fbb388 e-con-full e-flex elementor-invisible e-con e-child\" data-id=\"9fbb388\" data-element_type=\"container\" data-settings=\"{&quot;animation&quot;:&quot;fadeIn&quot;}\">\n\t\t\t\t<div class=\"elementor-element elementor-element-0f431fd elementor-widget__width-initial elementor-widget elementor-widget-image\" data-id=\"0f431fd\" data-element_type=\"widget\" data-widget_type=\"image.default\">\n\t\t\t\t\t\t\t\t\t\t\t\t\t\t\t<img fetchpriority=\"high\" decoding=\"async\" width=\"1024\" height=\"768\" src=\"https:\/\/www.itstimetoride.be\/wp-content\/uploads\/2025\/10\/1759753032213-1-1024x768.jpg\" class=\"attachment-large size-large wp-image-507\" alt=\"\" srcset=\"https:\/\/www.itstimetoride.be\/wp-content\/uploads\/2025\/10\/1759753032213-1-1024x768.jpg 1024w, https:\/\/www.itstimetoride.be\/wp-content\/uploads\/2025\/10\/1759753032213-1-300x225.jpg 300w, https:\/\/www.itstimetoride.be\/wp-content\/uploads\/2025\/10\/1759753032213-1-768x576.jpg 768w, https:\/\/www.itstimetoride.be\/wp-content\/uploads\/2025\/10\/1759753032213-1-1536x1152.jpg 1536w, https:\/\/www.itstimetoride.be\/wp-content\/uploads\/2025\/10\/1759753032213-1-2048x1536.jpg 2048w\" sizes=\"(max-width: 1024px) 100vw, 1024px\" \/>\t\t\t\t\t\t\t\t\t\t\t\t\t\t\t<\/div>\n\t\t<div class=\"elementor-element elementor-element-296761e e-con-full e-flex e-con e-child\" data-id=\"296761e\" data-element_type=\"container\">\n\t\t<div class=\"elementor-element elementor-element-54107f0 e-con-full e-flex e-con e-child\" data-id=\"54107f0\" data-element_type=\"container\">\n\t\t\t\t<div class=\"elementor-element elementor-element-99e20c4 e-transform elementor-widget elementor-widget-heading\" data-id=\"99e20c4\" data-element_type=\"widget\" data-settings=\"{&quot;_transform_rotateZ_effect&quot;:{&quot;unit&quot;:&quot;px&quot;,&quot;size&quot;:0,&quot;sizes&quot;:[]},&quot;_transform_rotateZ_effect_tablet&quot;:{&quot;unit&quot;:&quot;deg&quot;,&quot;size&quot;:&quot;&quot;,&quot;sizes&quot;:[]},&quot;_transform_rotateZ_effect_mobile&quot;:{&quot;unit&quot;:&quot;deg&quot;,&quot;size&quot;:&quot;&quot;,&quot;sizes&quot;:[]}}\" data-widget_type=\"heading.default\">\n\t\t\t\t\t<h2 class=\"elementor-heading-title elementor-size-default\">La Truffi\u00e8re                                        \n2026<\/h2>\t\t\t\t<\/div>\n\t\t\t\t<div class=\"elementor-element elementor-element-bd30a68 elementor-widget elementor-widget-text-editor\" data-id=\"bd30a68\" data-element_type=\"widget\" data-widget_type=\"text-editor.default\">\n\t\t\t\t\t\t\t\t\t<p>10\/12 Avril 26<\/p><p>3 jours en Tr\u00e8fle<\/p><p>Dordogne &#8211; Corr\u00e8ze &#8211; Lot<\/p><p>Soit 180 \u00e0 200 km par jour<\/p><p>3 cat\u00e9gories au choix<\/p><p><strong>Enduro &#8211; Trail &#8211; Route<\/strong><\/p>\t\t\t\t\t\t\t\t<\/div>\n\t\t\t\t<\/div>\n\t\t\t\t<div class=\"elementor-element elementor-element-594e2eb elementor-align-center elementor-widget elementor-widget-button\" data-id=\"594e2eb\" data-element_type=\"widget\" data-widget_type=\"button.default\">\n\t\t\t\t\t\t\t\t\t\t<a class=\"elementor-button elementor-button-link elementor-size-sm elementor-animation-grow\" href=\"https:\/\/www.itstimetoride.be\/index.php\/agenda\/\/#ok\">\n\t\t\t\t\t\t<span class=\"elementor-button-content-wrapper\">\n\t\t\t\t\t\t\t\t\t<span class=\"elementor-button-text\">Info<\/span>\n\t\t\t\t\t<\/span>\n\t\t\t\t\t<\/a>\n\t\t\t\t\t\t\t\t<\/div>\n\t\t\t\t<\/div>\n\t\t\t\t<\/div>\n\t\t<div class=\"elementor-element elementor-element-0da36d9 e-con-full e-flex elementor-invisible e-con e-child\" data-id=\"0da36d9\" data-element_type=\"container\" data-settings=\"{&quot;animation&quot;:&quot;fadeIn&quot;}\">\n\t\t<div class=\"elementor-element elementor-element-51fd68d e-con-full e-flex e-con e-child\" data-id=\"51fd68d\" data-element_type=\"container\">\n\t\t\t\t<div class=\"elementor-element elementor-element-fc7a25d elementor-widget__width-initial elementor-widget elementor-widget-image\" data-id=\"fc7a25d\" data-element_type=\"widget\" data-widget_type=\"image.default\">\n\t\t\t\t\t\t\t\t\t\t\t\t\t\t\t<img decoding=\"async\" width=\"1024\" height=\"577\" src=\"https:\/\/www.itstimetoride.be\/wp-content\/uploads\/2025\/10\/1759742976425-1024x577.jpg\" class=\"attachment-large size-large wp-image-74\" alt=\"\" srcset=\"https:\/\/www.itstimetoride.be\/wp-content\/uploads\/2025\/10\/1759742976425-1024x577.jpg 1024w, https:\/\/www.itstimetoride.be\/wp-content\/uploads\/2025\/10\/1759742976425-300x169.jpg 300w, https:\/\/www.itstimetoride.be\/wp-content\/uploads\/2025\/10\/1759742976425-768x432.jpg 768w, https:\/\/www.itstimetoride.be\/wp-content\/uploads\/2025\/10\/1759742976425-1536x865.jpg 1536w, https:\/\/www.itstimetoride.be\/wp-content\/uploads\/2025\/10\/1759742976425-2048x1153.jpg 2048w, https:\/\/www.itstimetoride.be\/wp-content\/uploads\/2025\/10\/1759742976425-800x450.jpg 800w\" sizes=\"(max-width: 1024px) 100vw, 1024px\" \/>\t\t\t\t\t\t\t\t\t\t\t\t\t\t\t<\/div>\n\t\t<div class=\"elementor-element elementor-element-55a8203 e-con-full e-flex e-con e-child\" data-id=\"55a8203\" data-element_type=\"container\">\n\t\t\t\t<div class=\"elementor-element elementor-element-b2f02d3 e-transform elementor-widget elementor-widget-heading\" data-id=\"b2f02d3\" data-element_type=\"widget\" data-settings=\"{&quot;_transform_rotateZ_effect&quot;:{&quot;unit&quot;:&quot;px&quot;,&quot;size&quot;:0,&quot;sizes&quot;:[]},&quot;_transform_rotateZ_effect_tablet&quot;:{&quot;unit&quot;:&quot;deg&quot;,&quot;size&quot;:&quot;&quot;,&quot;sizes&quot;:[]},&quot;_transform_rotateZ_effect_mobile&quot;:{&quot;unit&quot;:&quot;deg&quot;,&quot;size&quot;:&quot;&quot;,&quot;sizes&quot;:[]}}\" data-widget_type=\"heading.default\">\n\t\t\t\t\t<h2 class=\"elementor-heading-title elementor-size-default\">Alpiness                                        \n2026<\/h2>\t\t\t\t<\/div>\n\t\t\t\t<div class=\"elementor-element elementor-element-2be3914 elementor-widget elementor-widget-text-editor\" data-id=\"2be3914\" data-element_type=\"widget\" data-widget_type=\"text-editor.default\">\n\t\t\t\t\t\t\t\t\t<p>20\/28 Juin 26<\/p><p>8 jours dans les Alpes<\/p><p>France &#8211; Italie<\/p><p>+\/- 1800 km<\/p><p>2 Cat\u00e9gories au choix<\/p><p><strong>Offroad Trail &#8211; Routi\u00e8re<\/strong><\/p>\t\t\t\t\t\t\t\t<\/div>\n\t\t\t\t<\/div>\n\t\t\t\t<\/div>\n\t\t\t\t<div class=\"elementor-element elementor-element-fba430f elementor-align-center elementor-widget elementor-widget-button\" data-id=\"fba430f\" data-element_type=\"widget\" data-widget_type=\"button.default\">\n\t\t\t\t\t\t\t\t\t\t<a class=\"elementor-button elementor-button-link elementor-size-sm elementor-animation-grow\" href=\"https:\/\/www.itstimetoride.be\/index.php\/agenda\/\/#go\">\n\t\t\t\t\t\t<span class=\"elementor-button-content-wrapper\">\n\t\t\t\t\t\t\t\t\t<span class=\"elementor-button-text\">Info<\/span>\n\t\t\t\t\t<\/span>\n\t\t\t\t\t<\/a>\n\t\t\t\t\t\t\t\t<\/div>\n\t\t\t\t<\/div>\n\t\t\t\t<\/div>\n\t\t\t\t\t<\/div>\n\t\t\t\t<\/div>\n\t\t\t\t\t<\/div>\n\t\t\t\t<\/div>\n\t\t\t\t<\/div>\n\t\t","protected":false},"excerpt":{"rendered":"<p>Envie d\u2019\u00e9vasion, d\u2019aventure, de d\u00e9couverte\u2026 En Offroad ou Routi\u00e8re On vous emm\u00e8ne La Truffi\u00e8re 2026 10\/12 Avril 26 3 jours en Tr\u00e8fle Dordogne &#8211; Corr\u00e8ze &#8211; Lot Soit 180 \u00e0 200 km par jour 3 cat\u00e9gories au choix Enduro &#8211; Trail &#8211; Route Info Alpiness 2026 20\/28 Juin 26 8 jours dans les Alpes France [&hellip;]<\/p>\n","protected":false},"author":1,"featured_media":0,"parent":0,"menu_order":0,"comment_status":"closed","ping_status":"closed","template":"elementor_header_footer","meta":{"ocean_post_layout":"","ocean_both_sidebars_style":"","ocean_both_sidebars_content_width":0,"ocean_both_sidebars_sidebars_width":0,"ocean_sidebar":"","ocean_second_sidebar":"","ocean_disable_margins":"enable","ocean_add_body_class":"","ocean_shortcode_before_top_bar":"","ocean_shortcode_after_top_bar":"","ocean_shortcode_before_header":"","ocean_shortcode_after_header":"","ocean_has_shortcode":"","ocean_shortcode_after_title":"","ocean_shortcode_before_footer_widgets":"","ocean_shortcode_after_footer_widgets":"","ocean_shortcode_before_footer_bottom":"","ocean_shortcode_after_footer_bottom":"","ocean_display_top_bar":"default","ocean_display_header":"default","ocean_header_style":"","ocean_center_header_left_menu":"","ocean_custom_header_template":"","ocean_custom_logo":0,"ocean_custom_retina_logo":0,"ocean_custom_logo_max_width":0,"ocean_custom_logo_tablet_max_width":0,"ocean_custom_logo_mobile_max_width":0,"ocean_custom_logo_max_height":0,"ocean_custom_logo_tablet_max_height":0,"ocean_custom_logo_mobile_max_height":0,"ocean_header_custom_menu":"","ocean_menu_typo_font_family":"","ocean_menu_typo_font_subset":"","ocean_menu_typo_font_size":0,"ocean_menu_typo_font_size_tablet":0,"ocean_menu_typo_font_size_mobile":0,"ocean_menu_typo_font_size_unit":"px","ocean_menu_typo_font_weight":"","ocean_menu_typo_font_weight_tablet":"","ocean_menu_typo_font_weight_mobile":"","ocean_menu_typo_transform":"","ocean_menu_typo_transform_tablet":"","ocean_menu_typo_transform_mobile":"","ocean_menu_typo_line_height":0,"ocean_menu_typo_line_height_tablet":0,"ocean_menu_typo_line_height_mobile":0,"ocean_menu_typo_line_height_unit":"","ocean_menu_typo_spacing":0,"ocean_menu_typo_spacing_tablet":0,"ocean_menu_typo_spacing_mobile":0,"ocean_menu_typo_spacing_unit":"","ocean_menu_link_color":"","ocean_menu_link_color_hover":"","ocean_menu_link_color_active":"","ocean_menu_link_background":"","ocean_menu_link_hover_background":"","ocean_menu_link_active_background":"","ocean_menu_social_links_bg":"","ocean_menu_social_hover_links_bg":"","ocean_menu_social_links_color":"","ocean_menu_social_hover_links_color":"","ocean_disable_title":"on","ocean_disable_heading":"default","ocean_post_title":"","ocean_post_subheading":"","ocean_post_title_style":"","ocean_post_title_background_color":"","ocean_post_title_background":0,"ocean_post_title_bg_image_position":"","ocean_post_title_bg_image_attachment":"","ocean_post_title_bg_image_repeat":"","ocean_post_title_bg_image_size":"","ocean_post_title_height":0,"ocean_post_title_bg_overlay":0.5,"ocean_post_title_bg_overlay_color":"","ocean_disable_breadcrumbs":"default","ocean_breadcrumbs_color":"","ocean_breadcrumbs_separator_color":"","ocean_breadcrumbs_links_color":"","ocean_breadcrumbs_links_hover_color":"","ocean_display_footer_widgets":"default","ocean_display_footer_bottom":"default","ocean_custom_footer_template":"","footnotes":""},"class_list":["post-7","page","type-page","status-publish","hentry","entry"],"yoast_head":"<!-- This site is optimized with the Yoast SEO plugin v26.3 - https:\/\/yoast.com\/wordpress\/plugins\/seo\/ -->\n<title>itstimetoride.be moto balade route trail enduro cliquez ici pour voir<\/title>\n<meta name=\"description\" content=\"itstimetoride.be moto balade route, trail, enduro, cliquez ici pour voir\" \/>\n<meta name=\"robots\" content=\"index, follow, max-snippet:-1, max-image-preview:large, max-video-preview:-1\" \/>\n<link rel=\"canonical\" href=\"https:\/\/www.itstimetoride.be\/\" \/>\n<meta property=\"og:locale\" content=\"fr_FR\" \/>\n<meta property=\"og:type\" content=\"article\" \/>\n<meta property=\"og:title\" content=\"itstimetoride.be moto balade route trail enduro cliquez ici pour voir\" \/>\n<meta property=\"og:description\" content=\"itstimetoride.be moto balade route, trail, enduro, cliquez ici pour voir\" \/>\n<meta property=\"og:url\" content=\"https:\/\/www.itstimetoride.be\/\" \/>\n<meta property=\"og:site_name\" content=\"WordPress\" \/>\n<meta property=\"article:modified_time\" content=\"2026-03-25T12:44:46+00:00\" \/>\n<meta property=\"og:image\" content=\"http:\/\/www.itstimetoride.be\/wp-content\/uploads\/2025\/10\/1759753032213-1-1024x768.jpg\" \/>\n<meta name=\"twitter:card\" content=\"summary_large_image\" \/>\n<meta name=\"twitter:label1\" content=\"Dur\u00e9e de lecture est.\" \/>\n\t<meta name=\"twitter:data1\" content=\"1 minute\" \/>\n<script type=\"application\/ld+json\" class=\"yoast-schema-graph\">{\"@context\":\"https:\/\/schema.org\",\"@graph\":[{\"@type\":\"WebPage\",\"@id\":\"https:\/\/www.itstimetoride.be\/\",\"url\":\"https:\/\/www.itstimetoride.be\/\",\"name\":\"itstimetoride.be moto balade route trail enduro cliquez ici pour voir\",\"isPartOf\":{\"@id\":\"https:\/\/www.itstimetoride.be\/#website\"},\"primaryImageOfPage\":{\"@id\":\"https:\/\/www.itstimetoride.be\/#primaryimage\"},\"image\":{\"@id\":\"https:\/\/www.itstimetoride.be\/#primaryimage\"},\"thumbnailUrl\":\"http:\/\/www.itstimetoride.be\/wp-content\/uploads\/2025\/10\/1759753032213-1-1024x768.jpg\",\"datePublished\":\"2025-10-03T17:03:43+00:00\",\"dateModified\":\"2026-03-25T12:44:46+00:00\",\"description\":\"itstimetoride.be moto balade route, trail, enduro, cliquez ici pour voir\",\"breadcrumb\":{\"@id\":\"https:\/\/www.itstimetoride.be\/#breadcrumb\"},\"inLanguage\":\"fr-BE\",\"potentialAction\":[{\"@type\":\"ReadAction\",\"target\":[\"https:\/\/www.itstimetoride.be\/\"]}]},{\"@type\":\"ImageObject\",\"inLanguage\":\"fr-BE\",\"@id\":\"https:\/\/www.itstimetoride.be\/#primaryimage\",\"url\":\"https:\/\/www.itstimetoride.be\/wp-content\/uploads\/2025\/10\/1759753032213-1-scaled.jpg\",\"contentUrl\":\"https:\/\/www.itstimetoride.be\/wp-content\/uploads\/2025\/10\/1759753032213-1-scaled.jpg\",\"width\":2560,\"height\":1920},{\"@type\":\"BreadcrumbList\",\"@id\":\"https:\/\/www.itstimetoride.be\/#breadcrumb\",\"itemListElement\":[{\"@type\":\"ListItem\",\"position\":1,\"name\":\"Accueil\",\"item\":\"https:\/\/www.itstimetoride.be\/\"},{\"@type\":\"ListItem\",\"position\":2,\"name\":\"Accueil\"}]},{\"@type\":\"WebSite\",\"@id\":\"https:\/\/www.itstimetoride.be\/#website\",\"url\":\"https:\/\/www.itstimetoride.be\/\",\"name\":\"itstimetoride.be\",\"description\":\"\",\"publisher\":{\"@id\":\"https:\/\/www.itstimetoride.be\/#organization\"},\"potentialAction\":[{\"@type\":\"SearchAction\",\"target\":{\"@type\":\"EntryPoint\",\"urlTemplate\":\"https:\/\/www.itstimetoride.be\/?s={search_term_string}\"},\"query-input\":{\"@type\":\"PropertyValueSpecification\",\"valueRequired\":true,\"valueName\":\"search_term_string\"}}],\"inLanguage\":\"fr-BE\"},{\"@type\":\"Organization\",\"@id\":\"https:\/\/www.itstimetoride.be\/#organization\",\"name\":\"itstimetoride.be\",\"url\":\"https:\/\/www.itstimetoride.be\/\",\"logo\":{\"@type\":\"ImageObject\",\"inLanguage\":\"fr-BE\",\"@id\":\"https:\/\/www.itstimetoride.be\/#\/schema\/logo\/image\/\",\"url\":\"https:\/\/www.itstimetoride.be\/wp-content\/uploads\/2025\/10\/cropped-Logo-sans-fond-blanc.png\",\"contentUrl\":\"https:\/\/www.itstimetoride.be\/wp-content\/uploads\/2025\/10\/cropped-Logo-sans-fond-blanc.png\",\"width\":1023,\"height\":361,\"caption\":\"itstimetoride.be\"},\"image\":{\"@id\":\"https:\/\/www.itstimetoride.be\/#\/schema\/logo\/image\/\"}}]}<\/script>\n<!-- \/ Yoast SEO plugin. -->","yoast_head_json":{"title":"itstimetoride.be moto balade route trail enduro cliquez ici pour voir","description":"itstimetoride.be moto balade route, trail, enduro, cliquez ici pour voir","robots":{"index":"index","follow":"follow","max-snippet":"max-snippet:-1","max-image-preview":"max-image-preview:large","max-video-preview":"max-video-preview:-1"},"canonical":"https:\/\/www.itstimetoride.be\/","og_locale":"fr_FR","og_type":"article","og_title":"itstimetoride.be moto balade route trail enduro cliquez ici pour voir","og_description":"itstimetoride.be moto balade route, trail, enduro, cliquez ici pour voir","og_url":"https:\/\/www.itstimetoride.be\/","og_site_name":"WordPress","article_modified_time":"2026-03-25T12:44:46+00:00","og_image":[{"url":"http:\/\/www.itstimetoride.be\/wp-content\/uploads\/2025\/10\/1759753032213-1-1024x768.jpg","type":"","width":"","height":""}],"twitter_card":"summary_large_image","twitter_misc":{"Dur\u00e9e de lecture est.":"1 minute"},"schema":{"@context":"https:\/\/schema.org","@graph":[{"@type":"WebPage","@id":"https:\/\/www.itstimetoride.be\/","url":"https:\/\/www.itstimetoride.be\/","name":"itstimetoride.be moto balade route trail enduro cliquez ici pour voir","isPartOf":{"@id":"https:\/\/www.itstimetoride.be\/#website"},"primaryImageOfPage":{"@id":"https:\/\/www.itstimetoride.be\/#primaryimage"},"image":{"@id":"https:\/\/www.itstimetoride.be\/#primaryimage"},"thumbnailUrl":"http:\/\/www.itstimetoride.be\/wp-content\/uploads\/2025\/10\/1759753032213-1-1024x768.jpg","datePublished":"2025-10-03T17:03:43+00:00","dateModified":"2026-03-25T12:44:46+00:00","description":"itstimetoride.be moto balade route, trail, enduro, cliquez ici pour voir","breadcrumb":{"@id":"https:\/\/www.itstimetoride.be\/#breadcrumb"},"inLanguage":"fr-BE","potentialAction":[{"@type":"ReadAction","target":["https:\/\/www.itstimetoride.be\/"]}]},{"@type":"ImageObject","inLanguage":"fr-BE","@id":"https:\/\/www.itstimetoride.be\/#primaryimage","url":"https:\/\/www.itstimetoride.be\/wp-content\/uploads\/2025\/10\/1759753032213-1-scaled.jpg","contentUrl":"https:\/\/www.itstimetoride.be\/wp-content\/uploads\/2025\/10\/1759753032213-1-scaled.jpg","width":2560,"height":1920},{"@type":"BreadcrumbList","@id":"https:\/\/www.itstimetoride.be\/#breadcrumb","itemListElement":[{"@type":"ListItem","position":1,"name":"Accueil","item":"https:\/\/www.itstimetoride.be\/"},{"@type":"ListItem","position":2,"name":"Accueil"}]},{"@type":"WebSite","@id":"https:\/\/www.itstimetoride.be\/#website","url":"https:\/\/www.itstimetoride.be\/","name":"itstimetoride.be","description":"","publisher":{"@id":"https:\/\/www.itstimetoride.be\/#organization"},"potentialAction":[{"@type":"SearchAction","target":{"@type":"EntryPoint","urlTemplate":"https:\/\/www.itstimetoride.be\/?s={search_term_string}"},"query-input":{"@type":"PropertyValueSpecification","valueRequired":true,"valueName":"search_term_string"}}],"inLanguage":"fr-BE"},{"@type":"Organization","@id":"https:\/\/www.itstimetoride.be\/#organization","name":"itstimetoride.be","url":"https:\/\/www.itstimetoride.be\/","logo":{"@type":"ImageObject","inLanguage":"fr-BE","@id":"https:\/\/www.itstimetoride.be\/#\/schema\/logo\/image\/","url":"https:\/\/www.itstimetoride.be\/wp-content\/uploads\/2025\/10\/cropped-Logo-sans-fond-blanc.png","contentUrl":"https:\/\/www.itstimetoride.be\/wp-content\/uploads\/2025\/10\/cropped-Logo-sans-fond-blanc.png","width":1023,"height":361,"caption":"itstimetoride.be"},"image":{"@id":"https:\/\/www.itstimetoride.be\/#\/schema\/logo\/image\/"}}]}},"_links":{"self":[{"href":"https:\/\/www.itstimetoride.be\/index.php\/wp-json\/wp\/v2\/pages\/7","targetHints":{"allow":["GET"]}}],"collection":[{"href":"https:\/\/www.itstimetoride.be\/index.php\/wp-json\/wp\/v2\/pages"}],"about":[{"href":"https:\/\/www.itstimetoride.be\/index.php\/wp-json\/wp\/v2\/types\/page"}],"author":[{"embeddable":true,"href":"https:\/\/www.itstimetoride.be\/index.php\/wp-json\/wp\/v2\/users\/1"}],"replies":[{"embeddable":true,"href":"https:\/\/www.itstimetoride.be\/index.php\/wp-json\/wp\/v2\/comments?post=7"}],"version-history":[{"count":275,"href":"https:\/\/www.itstimetoride.be\/index.php\/wp-json\/wp\/v2\/pages\/7\/revisions"}],"predecessor-version":[{"id":1132,"href":"https:\/\/www.itstimetoride.be\/index.php\/wp-json\/wp\/v2\/pages\/7\/revisions\/1132"}],"wp:attachment":[{"href":"https:\/\/www.itstimetoride.be\/index.php\/wp-json\/wp\/v2\/media?parent=7"}],"curies":[{"name":"wp","href":"https:\/\/api.w.org\/{rel}","templated":true}]}}